66.249.67.12 - - [15/Jan/2015:00:04:01 +0100] "GET /index.php HTTP/1.1" 200 9949 "-" "Mozilla/5.0 (compatible; Googlebot/2.1; +http://www.google.com/bot.html)"
66.249.67.156 - - [15/Jan/2015:00:09:17 +0100] "GET /allegro/a1/pejzaz/DSCF0604r.jpg HTTP/1.1" 200 335807 "-" "Googlebot-Image/1.0"
66.249.67.12 - - [15/Jan/2015:00:13:01 +0100] "GET /index.php?dispatch=products.view&product_id=258 HTTP/1.1" 200 9730 "-" "Mozilla/5.0 (compatible; Googlebot/2.1; +http://www.google.com/bot.html)"
87.248.81.247 - - [15/Jan/2015:00:15:03 +0100] "GET /aart1/a-art1/Postacie/PS_0035_60x50.jpg HTTP/1.1" 200 753877 "-" "Mozilla/5.0 (Linux; U; Android 4.2.2; pl-pl; PAP3350DUO Build/JDQ39) AppleWebKit/534.30 (KHTML, like Gecko) Version/4.0 Mobile Safari/534.30"
66.249.67.12 - - [15/Jan/2015:00:16:54 +0100] "GET /index.php?dispatch=products.view&product_id=257 HTTP/1.1" 200 9915 "-" "Mozilla/5.0 (iPhone; CPU iPhone OS 6_0 like Mac OS X) AppleWebKit/536.26 (KHTML, like Gecko) Version/6.0 Mobile/10A5376e Safari/8536.25 (compatible; Googlebot/2.1; +http://www.google.com/bot.html)"
46.204.188.159 - - [15/Jan/2015:00:20:28 +0100] "GET /images/detailed/1/DSCF0025_60x90_pejzaz_janiak_299_zl_a.jpg HTTP/1.1" 200 1257256 "http://www.bing.com/images/search?q=obrazy+olejne&qpvt=obrazy+olejne&FORM=IGRE" "Mozilla/5.0 (Windows NT 6.3; WOW64; Trident/7.0; LCJB; rv:11.0) like Gecko"
46.204.188.159 - - [15/Jan/2015:00:20:50 +0100] "GET /images/detailed/1/DSCF0230_a.jpg HTTP/1.1" 200 896487 "http://www.bing.com/images/search?q=obrazy+olejne&qpvt=obrazy+olejne&FORM=IGRE" "Mozilla/5.0 (Windows NT 6.3; WOW64; Trident/7.0; LCJB; rv:11.0) like Gecko"
66.249.67.12 - - [15/Jan/2015:00:22:01 +0100] "GET /index.php?dispatch=pages.view&page_id=60 HTTP/1.1" 200 9847 "-" "Mozilla/5.0 (compatible; Googlebot/2.1; +http://www.google.com/bot.html)"
46.204.188.159 - - [15/Jan/2015:00:22:09 +0100] "GET /images/detailed/1/DSCF0454_A.jpg HTTP/1.1" 200 669856 "http://www.bing.com/images/search?q=obrazy+olejne&qpvt=obrazy+olejne&FORM=IGRE" "Mozilla/5.0 (Windows NT 6.3; WOW64; Trident/7.0; LCJB; rv:11.0) like Gecko"
46.204.188.159 - - [15/Jan/2015:00:24:02 +0100] "GET /images/detailed/1/DSCF0006_60x90_pejzaz_dudek_349_zl_a.jpg HTTP/1.1" 200 403231 "http://www.bing.com/images/search?q=obrazy+olejne&qpvt=obrazy+olejne&FORM=IGRE" "Mozilla/5.0 (Windows NT 6.3; WOW64; Trident/7.0; LCJB; rv:11.0) like Gecko"
188.151.74.157 - - [15/Jan/2015:00:24:55 +0100] "GET /najtansze888/postacie/PS_37_50x60.jpg HTTP/1.1" 200 677135 "-" "Mozilla/5.0 (Linux; Android 4.4.2; SM-G130HN Build/KOT49H) AppleWebKit/537.36 (KHTML, like Gecko) Version/4.0 Chrome/30.0.0.0 Mobile Safari/537.36 GSA/3.6.16.1614640.arm"
157.55.39.133 - - [15/Jan/2015:00:27:06 +0100] "GET /index.php?dispatch=pages.view&page_id=56 HTTP/1.1" 200 8999 "-" "Mozilla/5.0 (compatible; bingbot/2.0; +http://www.bing.com/bingbot.htm)"
66.249.67.12 - - [15/Jan/2015:00:31:01 +0100] "GET /index.php?dispatch=products.view&product_id=302 HTTP/1.1" 200 9711 "-" "Mozilla/5.0 (compatible; Googlebot/2.1; +http://www.google.com/bot.html)"
66.249.67.6 - - [15/Jan/2015:00:40:01 +0100] "GET /index.php?dispatch=categories.view&category_id=270 HTTP/1.1" 200 10851 "-" "Mozilla/5.0 (compatible; Googlebot/2.1; +http://www.google.com/bot.html)"
89.76.145.192 - - [15/Jan/2015:00:46:14 +0100] "GET /aart1/a-art1/Postacie/PS_0008_90x60.jpg HTTP/1.1" 200 778140 "https://www.google.pl/" "Mozilla/5.0 (Windows NT 6.1; WOW64) AppleWebKit/537.36 (KHTML, like Gecko) Chrome/39.0.2171.95 Safari/537.36"
66.249.67.6 - - [15/Jan/2015:00:49:01 +0100] "GET /index.php?dispatch=pages.view&page_id=46 HTTP/1.1" 200 10280 "-" "Mozilla/5.0 (compatible; Googlebot/2.1; +http://www.google.com/bot.html)"
94.193.176.58 - - [15/Jan/2015:00:57:26 +0100] "GET /aart1/ArtDanka2012/050212/DSCF0215KWIATY%2060X90%20349ZL%20ra.jpg HTTP/1.1" 200 401753 "https://www.google.co.uk/" "Mozilla/5.0 (Windows NT 6.1; WOW64) AppleWebKit/537.36 (KHTML, like Gecko) Chrome/39.0.2171.95 Safari/537.36"
66.249.67.156 - - [15/Jan/2015:00:58:01 +0100] "GET /index.php?dispatch=products.view&product_id=326 HTTP/1.1" 200 9743 "-" "Mozilla/5.0 (compatible; Googlebot/2.1; +http://www.google.com/bot.html)"
94.193.176.58 - - [15/Jan/2015:00:58:51 +0100] "GET /aart1/ArtDanka2012/Kwiaty/DSCF0596%2040%20x40%20kwiaty%20w%20wazonie%2098%20zl%20a.jpg HTTP/1.1" 200 676806 "https://www.google.co.uk/" "Mozilla/5.0 (Windows NT 6.1; WOW64) AppleWebKit/537.36 (KHTML, like Gecko) Chrome/39.0.2171.95 Safari/537.36"
46.238.77.79 - - [15/Jan/2015:01:04:43 +0100] "GET /allegro/a1/religijne/DSCF0659a.jpg HTTP/1.1" 200 646011 "https://www.google.pl/" "Mozilla/5.0 (Windows NT 6.1; WOW64) AppleWebKit/537.36 (KHTML, like Gecko) Chrome/39.0.2171.95 Safari/537.36"
66.249.67.156 - - [15/Jan/2015:01:07:01 +0100] "GET /index.php?dispatch=products.view&product_id=287 HTTP/1.1" 200 9752 "-" "Mozilla/5.0 (compatible; Googlebot/2.1; +http://www.google.com/bot.html)"
66.249.67.100 - - [15/Jan/2015:01:08:41 +0100] "GET /robots.txt HTTP/1.1" 200 460 "-" "Mozilla/5.0 (compatible; Googlebot/2.1; +http://www.google.com/bot.html)"
66.249.92.74 - - [15/Jan/2015:01:08:41 +0100] "GET / HTTP/1.1" 200 1669 "-" "AdsBot-Google (+http://www.google.com/adsbot.html)"
66.249.92.74 - - [15/Jan/2015:01:08:42 +0100] "GET / HTTP/1.1" 200 1669 "-" "AdsBot-Google-Mobile (+http://www.google.com/mobile/adsbot.html) Mozilla (iPhone; U; CPU iPhone OS 3 0 like Mac OS X) AppleWebKit (KHTML, like Gecko) Mobile Safari"
66.249.92.80 - - [15/Jan/2015:01:09:01 +0100] "GET /img/category/kopie.png HTTP/1.1" 200 65603 "-" "AdsBot-Google (+http://www.google.com/adsbot.html)"
66.249.92.86 - - [15/Jan/2015:01:09:02 +0100] "GET /style.css HTTP/1.1" 200 830 "-" "AdsBot-Google (+http://www.google.com/adsbot.html)"
66.249.92.86 - - [15/Jan/2015:01:09:02 +0100] "GET /img/category/arch.png HTTP/1.1" 200 60093 "-" "AdsBot-Google (+http://www.google.com/adsbot.html)"
66.249.92.86 - - [15/Jan/2015:01:09:03 +0100] "GET /img/allegro.png HTTP/1.1" 200 7043 "-" "AdsBot-Google (+http://www.google.com/adsbot.html)"
66.249.92.80 - - [15/Jan/2015:01:09:03 +0100] "GET /img/category/inne.png HTTP/1.1" 200 63164 "-" "AdsBot-Google (+http://www.google.com/adsbot.html)"
66.249.92.86 - - [15/Jan/2015:01:09:04 +0100] "GET /img/category/post.png HTTP/1.1" 200 67445 "-" "AdsBot-Google (+http://www.google.com/adsbot.html)"
66.249.92.80 - - [15/Jan/2015:01:09:05 +0100] "GET /img/category/akty.png HTTP/1.1" 200 66853 "-" "AdsBot-Google (+http://www.google.com/adsbot.html)"
66.249.92.80 - - [15/Jan/2015:01:09:06 +0100] "GET /img/category/maryn.png HTTP/1.1" 200 69817 "-" "AdsBot-Google (+http://www.google.com/adsbot.html)"
66.249.92.74 - - [15/Jan/2015:01:09:07 +0100] "GET /img/category/kwiaty.png HTTP/1.1" 200 73121 "-" "AdsBot-Google (+http://www.google.com/adsbot.html)"
66.249.92.86 - - [15/Jan/2015:01:09:08 +0100] "GET /img/category/zwie.png HTTP/1.1" 200 61348 "-" "AdsBot-Google (+http://www.google.com/adsbot.html)"
66.249.92.74 - - [15/Jan/2015:01:09:08 +0100] "GET /img/category/pejz.png HTTP/1.1" 200 64291 "-" "AdsBot-Google (+http://www.google.com/adsbot.html)"
66.249.92.86 - - [15/Jan/2015:01:09:09 +0100] "GET /img/category/martw.png HTTP/1.1" 200 63232 "-" "AdsBot-Google (+http://www.google.com/adsbot.html)"
66.249.92.80 - - [15/Jan/2015:01:09:10 +0100] "GET /img/a-art.png HTTP/1.1" 200 2283 "-" "AdsBot-Google (+http://www.google.com/adsbot.html)"
66.249.92.86 - - [15/Jan/2015:01:09:11 +0100] "GET /img/category/kopie.png HTTP/1.1" 200 65603 "-" "AdsBot-Google-Mobile (+http://www.google.com/mobile/adsbot.html) Mozilla (iPhone; U; CPU iPhone OS 3 0 like Mac OS X) AppleWebKit (KHTML, like Gecko) Mobile Safari"
66.249.92.74 - - [15/Jan/2015:01:09:12 +0100] "GET /style.css HTTP/1.1" 200 830 "-" "AdsBot-Google-Mobile (+http://www.google.com/mobile/adsbot.html) Mozilla (iPhone; U; CPU iPhone OS 3 0 like Mac OS X) AppleWebKit (KHTML, like Gecko) Mobile Safari"
66.249.92.74 - - [15/Jan/2015:01:09:13 +0100] "GET /img/category/arch.png HTTP/1.1" 200 60093 "-" "AdsBot-Google-Mobile (+http://www.google.com/mobile/adsbot.html) Mozilla (iPhone; U; CPU iPhone OS 3 0 like Mac OS X) AppleWebKit (KHTML, like Gecko) Mobile Safari"
66.249.92.86 - - [15/Jan/2015:01:09:13 +0100] "GET /img/allegro.png HTTP/1.1" 200 7043 "-" "AdsBot-Google-Mobile (+http://www.google.com/mobile/adsbot.html) Mozilla (iPhone; U; CPU iPhone OS 3 0 like Mac OS X) AppleWebKit (KHTML, like Gecko) Mobile Safari"
66.249.92.74 - - [15/Jan/2015:01:09:14 +0100] "GET /img/category/abst.png HTTP/1.1" 200 69597 "-" "AdsBot-Google-Mobile (+http://www.google.com/mobile/adsbot.html) Mozilla (iPhone; U; CPU iPhone OS 3 0 like Mac OS X) AppleWebKit (KHTML, like Gecko) Mobile Safari"
66.249.92.86 - - [15/Jan/2015:01:09:15 +0100] "GET /img/category/post.png HTTP/1.1" 200 67445 "-" "AdsBot-Google-Mobile (+http://www.google.com/mobile/adsbot.html) Mozilla (iPhone; U; CPU iPhone OS 3 0 like Mac OS X) AppleWebKit (KHTML, like Gecko) Mobile Safari"
66.249.92.86 - - [15/Jan/2015:01:09:16 +0100] "GET /img/category/akty.png HTTP/1.1" 200 66853 "-" "AdsBot-Google-Mobile (+http://www.google.com/mobile/adsbot.html) Mozilla (iPhone; U; CPU iPhone OS 3 0 like Mac OS X) AppleWebKit (KHTML, like Gecko) Mobile Safari"
66.249.92.80 - - [15/Jan/2015:01:09:17 +0100] "GET /img/category/maryn.png HTTP/1.1" 200 69817 "-" "AdsBot-Google-Mobile (+http://www.google.com/mobile/adsbot.html) Mozilla (iPhone; U; CPU iPhone OS 3 0 like Mac OS X) AppleWebKit (KHTML, like Gecko) Mobile Safari"
66.249.92.80 - - [15/Jan/2015:01:09:17 +0100] "GET /img/category/kwiaty.png HTTP/1.1" 200 73121 "-" "AdsBot-Google-Mobile (+http://www.google.com/mobile/adsbot.html) Mozilla (iPhone; U; CPU iPhone OS 3 0 like Mac OS X) AppleWebKit (KHTML, like Gecko) Mobile Safari"
66.249.92.74 - - [15/Jan/2015:01:09:18 +0100] "GET /img/category/srod.png HTTP/1.1" 200 63216 "-" "AdsBot-Google (+http://www.google.com/adsbot.html)"
66.249.92.74 - - [15/Jan/2015:01:09:19 +0100] "GET /img/category/pejz.png HTTP/1.1" 200 64291 "-" "AdsBot-Google-Mobile (+http://www.google.com/mobile/adsbot.html) Mozilla (iPhone; U; CPU iPhone OS 3 0 like Mac OS X) AppleWebKit (KHTML, like Gecko) Mobile Safari"
66.249.92.74 - - [15/Jan/2015:01:09:20 +0100] "GET /img/category/martw.png HTTP/1.1" 200 63232 "-" "AdsBot-Google-Mobile (+http://www.google.com/mobile/adsbot.html) Mozilla (iPhone; U; CPU iPhone OS 3 0 like Mac OS X) AppleWebKit (KHTML, like Gecko) Mobile Safari"
66.249.92.74 - - [15/Jan/2015:01:09:21 +0100] "GET /img/a-art.png HTTP/1.1" 200 2283 "-" "AdsBot-Google-Mobile (+http://www.google.com/mobile/adsbot.html) Mozilla (iPhone; U; CPU iPhone OS 3 0 like Mac OS X) AppleWebKit (KHTML, like Gecko) Mobile Safari"
66.249.92.80 - - [15/Jan/2015:01:09:22 +0100] "GET /img/category/inne.png HTTP/1.1" 200 63164 "-" "AdsBot-Google-Mobile (+http://www.google.com/mobile/adsbot.html) Mozilla (iPhone; U; CPU iPhone OS 3 0 like Mac OS X) AppleWebKit (KHTML, like Gecko) Mobile Safari"
66.249.92.86 - - [15/Jan/2015:01:09:22 +0100] "GET /img/category/zwie.png HTTP/1.1" 200 61348 "-" "AdsBot-Google-Mobile (+http://www.google.com/mobile/adsbot.html) Mozilla (iPhone; U; CPU iPhone OS 3 0 like Mac OS X) AppleWebKit (KHTML, like Gecko) Mobile Safari"
66.249.92.86 - - [15/Jan/2015:01:09:23 +0100] "GET /img/category/abst.png HTTP/1.1" 200 69597 "-" "AdsBot-Google (+http://www.google.com/adsbot.html)"
66.249.92.80 - - [15/Jan/2015:01:09:24 +0100] "GET /img/category/srod.png HTTP/1.1" 200 63216 "-" "AdsBot-Google-Mobile (+http://www.google.com/mobile/adsbot.html) Mozilla (iPhone; U; CPU iPhone OS 3 0 like Mac OS X) AppleWebKit (KHTML, like Gecko) Mobile Safari"
123.125.71.87 - - [15/Jan/2015:01:10:49 +0100] "GET /robots.txt HTTP/1.1" 200 424 "-" "Mozilla/5.0 (Windows NT 5.1; rv:6.0.2) Gecko/20100101 Firefox/6.0.2"
66.249.67.6 - - [15/Jan/2015:01:11:55 +0100] "GET /index.php?dispatch=products.view&product_id=292&sl=EN HTTP/1.1" 200 9728 "-" "Mozilla/5.0 (iPhone; CPU iPhone OS 6_0 like Mac OS X) AppleWebKit/536.26 (KHTML, like Gecko) Version/6.0 Mobile/10A5376e Safari/8536.25 (compatible; Googlebot/2.1; +http://www.google.com/bot.html)"
123.125.71.39 - - [15/Jan/2015:01:12:29 +0100] "GET / HTTP/1.1" 200 1633 "-" "Mozilla/5.0 (compatible; Baiduspider/2.0; +http://www.baidu.com/search/spider.html)"
71.172.250.43 - - [15/Jan/2015:01:15:56 +0100] "HEAD / HTTP/1.0" 200 281 "-" "-"
66.249.67.6 - - [15/Jan/2015:01:16:01 +0100] "GET /index.php?dispatch=products.view&product_id=311 HTTP/1.1" 200 9723 "-" "Mozilla/5.0 (compatible; Googlebot/2.1; +http://www.google.com/bot.html)"
66.249.67.6 - - [15/Jan/2015:01:16:39 +0100] "GET /index.php?dispatch=products.view&product_id=311&sl=PL HTTP/1.1" 200 9731 "-" "Mozilla/5.0 (compatible; Googlebot/2.1; +http://www.google.com/bot.html)"
66.249.67.12 - - [15/Jan/2015:01:22:32 +0100] "GET /index.php?dispatch=auth.login_form&return_url=index.php%3Fdispatch%3Dproducts.view%26product_id%3D311%26sl%3DPL HTTP/1.1" 200 7186 "-" "Mozilla/5.0 (compatible; Googlebot/2.1; +http://www.google.com/bot.html)"
66.249.67.6 - - [15/Jan/2015:01:25:01 +0100] "GET /index.php?dispatch=categories.view&category_id=266 HTTP/1.1" 200 10109 "-" "Mozilla/5.0 (compatible; Googlebot/2.1; +http://www.google.com/bot.html)"
66.249.67.156 - - [15/Jan/2015:01:34:01 +0100] "GET /index.php?dispatch=products.view&product_id=332 HTTP/1.1" 200 9735 "-" "Mozilla/5.0 (compatible; Googlebot/2.1; +http://www.google.com/bot.html)"
70.228.120.43 - - [15/Jan/2015:01:37:24 +0100] "GET /images/detailed/1/DSCF0541_a.jpg HTTP/1.1" 200 571258 "-" "Mozilla/5.0 (Macintosh; Intel Mac OS X 10_8_5) AppleWebKit/536.30.1 (KHTML, like Gecko) Version/6.0.5 Safari/536.30.1"
192.162.151.243 - - [15/Jan/2015:01:37:39 +0100] "GET /aart1/a-art1/3842_5x7_k.jpg HTTP/1.1" 200 151928 "https://www.google.pl/" "Mozilla/5.0 (Windows NT 6.1) AppleWebKit/537.36 (KHTML, like Gecko) Chrome/39.0.2171.99 Safari/537.36"
66.249.67.156 - - [15/Jan/2015:01:43:01 +0100] "GET /index.php?dispatch=products.view&product_id=312 HTTP/1.1" 200 9728 "-" "Mozilla/5.0 (compatible; Googlebot/2.1; +http://www.google.com/bot.html)"
66.249.67.12 - - [15/Jan/2015:01:52:01 +0100] "GET /index.php?dispatch=products.view&product_id=342 HTTP/1.1" 200 9720 "-" "Mozilla/5.0 (compatible; Googlebot/2.1; +http://www.google.com/bot.html)"
216.163.188.227 - - [15/Jan/2015:01:56:37 +0100] "GET / HTTP/1.1" 200 4472 "-" "Mozilla/5.0 (Windows NT 6.1; WOW64; rv:27.0) Gecko/20100101 Firefox/27.0"
66.249.67.156 - - [15/Jan/2015:02:01:00 +0100] "GET /index.php?dispatch=categories.view&category_id=262 HTTP/1.1" 200 9638 "-" "Mozilla/5.0 (compatible; Googlebot/2.1; +http://www.google.com/bot.html)"
66.249.67.12 - - [15/Jan/2015:02:10:00 +0100] "GET /index.php?dispatch=pages.view&page_id=43 HTTP/1.1" 200 9322 "-" "Mozilla/5.0 (compatible; Googlebot/2.1; +http://www.google.com/bot.html)"
66.249.67.12 - - [15/Jan/2015:02:17:58 +0100] "GET / HTTP/1.1" 200 1669 "-" "Mozilla/5.0 (iPhone; CPU iPhone OS 6_0 like Mac OS X) AppleWebKit/536.26 (KHTML, like Gecko) Version/6.0 Mobile/10A5376e Safari/8536.25 (compatible; Googlebot/2.1; +http://www.google.com/bot.html)"
66.249.67.6 - - [15/Jan/2015:02:24:54 +0100] "GET /style.css HTTP/1.1" 200 830 "-" "Mozilla/5.0 (compatible; Googlebot/2.1; +http://www.google.com/bot.html)"
188.230.69.56 - - [15/Jan/2015:02:25:38 +0100] "GET / HTTP/1.1" 200 1669 "-" "Mozilla/5.0 (Windows NT 6.1) AppleWebKit/537.36 (KHTML, like Gecko) Chrome/39.0.2171.95 Safari/537.36"
188.230.69.56 - - [15/Jan/2015:02:25:38 +0100] "GET /style.css HTTP/1.1" 200 830 "http://a-art.eu/" "Mozilla/5.0 (Windows NT 6.1) AppleWebKit/537.36 (KHTML, like Gecko) Chrome/39.0.2171.95 Safari/537.36"
188.230.69.56 - - [15/Jan/2015:02:25:38 +0100] "GET /img/a-art.png HTTP/1.1" 200 2283 "http://a-art.eu/" "Mozilla/5.0 (Windows NT 6.1) AppleWebKit/537.36 (KHTML, like Gecko) Chrome/39.0.2171.95 Safari/537.36"
188.230.69.56 - - [15/Jan/2015:02:25:38 +0100] "GET /img/allegro.png HTTP/1.1" 200 7043 "http://a-art.eu/" "Mozilla/5.0 (Windows NT 6.1) AppleWebKit/537.36 (KHTML, like Gecko) Chrome/39.0.2171.95 Safari/537.36"
188.230.69.56 - - [15/Jan/2015:02:25:38 +0100] "GET /img/img_bg.png HTTP/1.1" 200 1790 "http://a-art.eu/style.css" "Mozilla/5.0 (Windows NT 6.1) AppleWebKit/537.36 (KHTML, like Gecko) Chrome/39.0.2171.95 Safari/537.36"
188.230.69.56 - - [15/Jan/2015:02:25:38 +0100] "GET /img/category/arch.png HTTP/1.1" 200 60093 "http://a-art.eu/" "Mozilla/5.0 (Windows NT 6.1) AppleWebKit/537.36 (KHTML, like Gecko) Chrome/39.0.2171.95 Safari/537.36"
188.230.69.56 - - [15/Jan/2015:02:25:38 +0100] "GET /img/category/kwiaty.png HTTP/1.1" 200 73121 "http://a-art.eu/" "Mozilla/5.0 (Windows NT 6.1) AppleWebKit/537.36 (KHTML, like Gecko) Chrome/39.0.2171.95 Safari/537.36"
188.230.69.56 - - [15/Jan/2015:02:25:38 +0100] "GET /img/category/martw.png HTTP/1.1" 200 63232 "http://a-art.eu/" "Mozilla/5.0 (Windows NT 6.1) AppleWebKit/537.36 (KHTML, like Gecko) Chrome/39.0.2171.95 Safari/537.36"
188.230.69.56 - - [15/Jan/2015:02:25:39 +0100] "GET /img/category/post.png HTTP/1.1" 200 67445 "http://a-art.eu/" "Mozilla/5.0 (Windows NT 6.1) AppleWebKit/537.36 (KHTML, like Gecko) Chrome/39.0.2171.95 Safari/537.36"
188.230.69.56 - - [15/Jan/2015:02:25:38 +0100] "GET /img/category/kopie.png HTTP/1.1" 200 65603 "http://a-art.eu/" "Mozilla/5.0 (Windows NT 6.1) AppleWebKit/537.36 (KHTML, like Gecko) Chrome/39.0.2171.95 Safari/537.36"
188.230.69.56 - - [15/Jan/2015:02:25:38 +0100] "GET /img/category/abst.png HTTP/1.1" 200 69597 "http://a-art.eu/" "Mozilla/5.0 (Windows NT 6.1) AppleWebKit/537.36 (KHTML, like Gecko) Chrome/39.0.2171.95 Safari/537.36"
188.230.69.56 - - [15/Jan/2015:02:25:38 +0100] "GET /img/category/akty.png HTTP/1.1" 200 66853 "http://a-art.eu/" "Mozilla/5.0 (Windows NT 6.1) AppleWebKit/537.36 (KHTML, like Gecko) Chrome/39.0.2171.95 Safari/537.36"
188.230.69.56 - - [15/Jan/2015:02:25:39 +0100] "GET /img/category/maryn.png HTTP/1.1" 200 69817 "http://a-art.eu/" "Mozilla/5.0 (Windows NT 6.1) AppleWebKit/537.36 (KHTML, like Gecko) Chrome/39.0.2171.95 Safari/537.36"
188.230.69.56 - - [15/Jan/2015:02:25:39 +0100] "GET /img/category/inne.png HTTP/1.1" 200 63164 "http://a-art.eu/" "Mozilla/5.0 (Windows NT 6.1) AppleWebKit/537.36 (KHTML, like Gecko) Chrome/39.0.2171.95 Safari/537.36"
188.230.69.56 - - [15/Jan/2015:02:25:39 +0100] "GET /img/category/pejz.png HTTP/1.1" 200 64291 "http://a-art.eu/" "Mozilla/5.0 (Windows NT 6.1) AppleWebKit/537.36 (KHTML, like Gecko) Chrome/39.0.2171.95 Safari/537.36"
188.230.69.56 - - [15/Jan/2015:02:25:39 +0100] "GET /img/category/zwie.png HTTP/1.1" 200 61348 "http://a-art.eu/" "Mozilla/5.0 (Windows NT 6.1) AppleWebKit/537.36 (KHTML, like Gecko) Chrome/39.0.2171.95 Safari/537.36"
188.230.69.56 - - [15/Jan/2015:02:25:39 +0100] "GET /img/category/srod.png HTTP/1.1" 200 63216 "http://a-art.eu/" "Mozilla/5.0 (Windows NT 6.1) AppleWebKit/537.36 (KHTML, like Gecko) Chrome/39.0.2171.95 Safari/537.36"
188.230.69.56 - - [15/Jan/2015:02:25:39 +0100] "GET /favicon.ico HTTP/1.1" 200 9959 "-" "Mozilla/5.0 (Windows NT 6.1) AppleWebKit/537.36 (KHTML, like Gecko) Chrome/39.0.2171.95 Safari/537.36"
66.249.67.12 - - [15/Jan/2015:02:28:00 +0100] "GET /index.php?dispatch=products.view&product_id=336 HTTP/1.1" 200 9730 "-" "Mozilla/5.0 (compatible; Googlebot/2.1; +http://www.google.com/bot.html)"
188.230.69.56 - - [15/Jan/2015:02:30:00 +0100] "GET /allegro/a1/pkf_fb.jpg HTTP/1.1" 200 5655 "http://allegro.pl/a-art-eu-obraz-olejny-31x41-cm-arch-warszawa-i4924689327.html" "Mozilla/5.0 (Windows NT 6.1) AppleWebKit/537.36 (KHTML, like Gecko) Chrome/39.0.2171.95 Safari/537.36"
188.230.69.56 - - [15/Jan/2015:02:30:00 +0100] "GET /allegro/a1/pkf_gallery2.jpg HTTP/1.1" 200 16036 "http://allegro.pl/a-art-eu-obraz-olejny-31x41-cm-arch-warszawa-i4924689327.html" "Mozilla/5.0 (Windows NT 6.1) AppleWebKit/537.36 (KHTML, like Gecko) Chrome/39.0.2171.95 Safari/537.36"
188.230.69.56 - - [15/Jan/2015:02:30:00 +0100] "GET /allegro/a1/pkf_zagiel.jpg HTTP/1.1" 200 6217 "http://allegro.pl/a-art-eu-obraz-olejny-31x41-cm-arch-warszawa-i4924689327.html" "Mozilla/5.0 (Windows NT 6.1) AppleWebKit/537.36 (KHTML, like Gecko) Chrome/39.0.2171.95 Safari/537.36"
188.230.69.56 - - [15/Jan/2015:02:30:00 +0100] "GET /allegro/a1/architektura/DSCF0049a.jpg HTTP/1.1" 200 492190 "http://allegro.pl/a-art-eu-obraz-olejny-31x41-cm-arch-warszawa-i4924689327.html" "Mozilla/5.0 (Windows NT 6.1) AppleWebKit/537.36 (KHTML, like Gecko) Chrome/39.0.2171.95 Safari/537.36"
188.230.69.56 - - [15/Jan/2015:02:30:00 +0100] "GET /allegro/a1/architektura/DSCF0049m.jpg HTTP/1.1" 200 352577 "http://allegro.pl/a-art-eu-obraz-olejny-31x41-cm-arch-warszawa-i4924689327.html" "Mozilla/5.0 (Windows NT 6.1) AppleWebKit/537.36 (KHTML, like Gecko) Chrome/39.0.2171.95 Safari/537.36"
188.230.69.56 - - [15/Jan/2015:02:30:00 +0100] "GET /allegro/a1/architektura/DSCF0049k.jpg HTTP/1.1" 200 212601 "http://allegro.pl/a-art-eu-obraz-olejny-31x41-cm-arch-warszawa-i4924689327.html" "Mozilla/5.0 (Windows NT 6.1) AppleWebKit/537.36 (KHTML, like Gecko) Chrome/39.0.2171.95 Safari/537.36"
188.230.69.56 - - [15/Jan/2015:02:30:00 +0100] "GET /allegro/a1/architektura/DSCF0049r.jpg HTTP/1.1" 200 504603 "http://allegro.pl/a-art-eu-obraz-olejny-31x41-cm-arch-warszawa-i4924689327.html" "Mozilla/5.0 (Windows NT 6.1) AppleWebKit/537.36 (KHTML, like Gecko) Chrome/39.0.2171.95 Safari/537.36"
188.230.69.56 - - [15/Jan/2015:02:30:01 +0100] "GET /allegro/a1/pkf_top1.jpg HTTP/1.1" 200 50622 "http://allegro.pl/a-art-eu-obraz-olejny-31x41-cm-arch-warszawa-i4924689327.html" "Mozilla/5.0 (Windows NT 6.1) AppleWebKit/537.36 (KHTML, like Gecko) Chrome/39.0.2171.95 Safari/537.36"
188.230.69.56 - - [15/Jan/2015:02:30:01 +0100] "GET /allegro/a1/pkf_top2.jpg HTTP/1.1" 200 82940 "http://allegro.pl/a-art-eu-obraz-olejny-31x41-cm-arch-warszawa-i4924689327.html" "Mozilla/5.0 (Windows NT 6.1) AppleWebKit/537.36 (KHTML, like Gecko) Chrome/39.0.2171.95 Safari/537.36"
188.230.69.56 - - [15/Jan/2015:02:30:01 +0100] "GET /allegro/a1/pkf_bg.jpg HTTP/1.1" 200 41784 "http://allegro.pl/a-art-eu-obraz-olejny-31x41-cm-arch-warszawa-i4924689327.html" "Mozilla/5.0 (Windows NT 6.1) AppleWebKit/537.36 (KHTML, like Gecko) Chrome/39.0.2171.95 Safari/537.36"
188.230.69.56 - - [15/Jan/2015:02:30:01 +0100] "GET /allegro/a1/pkf_other.jpg HTTP/1.1" 200 4693 "http://allegro.pl/a-art-eu-obraz-olejny-31x41-cm-arch-warszawa-i4924689327.html" "Mozilla/5.0 (Windows NT 6.1) AppleWebKit/537.36 (KHTML, like Gecko) Chrome/39.0.2171.95 Safari/537.36"
66.249.67.12 - - [15/Jan/2015:02:37:00 +0100] "GET /index.php?dispatch=products.view&product_id=338 HTTP/1.1" 200 9743 "-" "Mozilla/5.0 (compatible; Googlebot/2.1; +http://www.google.com/bot.html)"
66.249.67.6 - - [15/Jan/2015:02:46:00 +0100] "GET /index.php?dispatch=products.view&product_id=331 HTTP/1.1" 200 9727 "-" "Mozilla/5.0 (compatible; Googlebot/2.1; +http://www.google.com/bot.html)"
66.249.67.6 - - [15/Jan/2015:02:52:52 +0100] "GET /index.php?dispatch=products.view&product_id=331 HTTP/1.1" 200 9903 "-" "Mozilla/5.0 (iPhone; CPU iPhone OS 6_0 like Mac OS X) AppleWebKit/536.26 (KHTML, like Gecko) Version/6.0 Mobile/10A5376e Safari/8536.25 (compatible; Googlebot/2.1; +http://www.google.com/bot.html)"
66.249.67.156 - - [15/Jan/2015:02:55:00 +0100] "GET /index.php?dispatch=products.view&product_id=294 HTTP/1.1" 200 9727 "-" "Mozilla/5.0 (compatible; Googlebot/2.1; +http://www.google.com/bot.html)"
91.214.0.144 - - [15/Jan/2015:03:00:14 +0100] "GET /aart1/a-art1/Postacie/PS_0035_60x50.jpg HTTP/1.1" 200 753877 "https://www.google.pl/" "Mozilla/5.0 (Windows NT 6.1; WOW64) AppleWebKit/537.36 (KHTML, like Gecko) Chrome/39.0.2171.95 Safari/537.36"
66.249.67.6 - - [15/Jan/2015:03:04:00 +0100] "GET /index.php?dispatch=products.view&product_id=258&sl=EN HTTP/1.1" 200 9599 "-" "Mozilla/5.0 (compatible; Googlebot/2.1; +http://www.google.com/bot.html)"
66.249.67.12 - - [15/Jan/2015:03:13:00 +0100] "GET /index.php?dispatch=products.view&product_id=340 HTTP/1.1" 200 9718 "-" "Mozilla/5.0 (compatible; Googlebot/2.1; +http://www.google.com/bot.html)"
79.175.192.17 - - [15/Jan/2015:03:21:29 +0100] "GET /vtigercrm/ HTTP/1.1" 404 2158 "-" "curl/7.15.5 (i686-redhat-linux-gnu) libcurl/7.15.5 OpenSSL/0.9.8b zlib/1.2.3 libidn/0.6.5"
66.249.67.12 - - [15/Jan/2015:03:22:00 +0100] "GET /index.php?dispatch=products.view&product_id=337 HTTP/1.1" 200 9734 "-" "Mozilla/5.0 (compatible; Googlebot/2.1; +http://www.google.com/bot.html)"
66.249.67.6 - - [15/Jan/2015:03:31:00 +0100] "GET /index.php?dispatch=products.view&product_id=268 HTTP/1.1" 200 9727 "-" "Mozilla/5.0 (compatible; Googlebot/2.1; +http://www.google.com/bot.html)"
66.249.67.116 - - [15/Jan/2015:03:32:04 +0100] "GET / HTTP/1.1" 200 1669 "-" "Mozilla/5.0 (iPhone; CPU iPhone OS 6_0 like Mac OS X) AppleWebKit/536.26 (KHTML, like Gecko) Version/6.0 Mobile/10A5376e Safari/8536.25 (compatible; Googlebot/2.1; +http://www.google.com/bot.html)"
108.236.122.50 - - [15/Jan/2015:03:45:30 +0100] "GET /aart1/ArtDanka2012/310112/DSCF0290statki%2050x60%20199%20marta%20a.JPG HTTP/1.1" 200 119190 "https://www.google.com/" "Mozilla/5.0 (Windows NT 6.3; WOW64) AppleWebKit/537.36 (KHTML, like Gecko) Chrome/39.0.2171.95 Safari/537.36"
108.236.122.50 - - [15/Jan/2015:03:45:35 +0100] "GET /aart1/a-art1/0026_5x6.jpg HTTP/1.1" 200 492086 "https://www.google.com/" "Mozilla/5.0 (Windows NT 6.3; WOW64) AppleWebKit/537.36 (KHTML, like Gecko) Chrome/39.0.2171.95 Safari/537.36"
66.249.67.12 - - [15/Jan/2015:03:49:00 +0100] "GET /index.php?dispatch=products.view&product_id=330 HTTP/1.1" 200 9719 "-" "Mozilla/5.0 (compatible; Googlebot/2.1; +http://www.google.com/bot.html)"
66.249.67.156 - - [15/Jan/2015:03:57:59 +0100] "GET /index.php?dispatch=pages.view&page_id=61 HTTP/1.1" 200 8456 "-" "Mozilla/5.0 (compatible; Googlebot/2.1; +http://www.google.com/bot.html)"
66.249.67.156 - - [15/Jan/2015:04:11:09 +0100] "GET /index.php?dispatch=pages.view&page_id=46&sl=EN HTTP/1.1" 200 10312 "-" "Mozilla/5.0 (iPhone; CPU iPhone OS 6_0 like Mac OS X) AppleWebKit/536.26 (KHTML, like Gecko) Version/6.0 Mobile/10A5376e Safari/8536.25 (compatible; Googlebot/2.1; +http://www.google.com/bot.html)"
66.249.67.12 - - [15/Jan/2015:04:15:59 +0100] "GET /index.php?dispatch=products.view&product_id=258 HTTP/1.1" 200 9732 "-" "Mozilla/5.0 (compatible; Googlebot/2.1; +http://www.google.com/bot.html)"
198.24.149.162 - - [15/Jan/2015:04:17:47 +0100] "GET /muieblackcat HTTP/1.1" 404 471 "-" "-"
198.24.149.162 - - [15/Jan/2015:04:17:49 +0100] "GET //phpMyAdmin/scripts/setup.php HTTP/1.1" 404 480 "-" "-"
198.24.149.162 - - [15/Jan/2015:04:17:51 +0100] "GET //phpmyadmin/scripts/setup.php HTTP/1.1" 404 480 "-" "-"
198.24.149.162 - - [15/Jan/2015:04:17:53 +0100] "GET //pma/scripts/setup.php HTTP/1.1" 404 476 "-" "-"
198.24.149.162 - - [15/Jan/2015:04:17:53 +0100] "GET //myadmin/scripts/setup.php HTTP/1.1" 404 479 "-" "-"
198.24.149.162 - - [15/Jan/2015:04:17:53 +0100] "GET //MyAdmin/scripts/setup.php HTTP/1.1" 404 479 "-" "-"
66.249.67.156 - - [15/Jan/2015:04:24:59 +0100] "GET /index.php HTTP/1.1" 200 9949 "-" "Mozilla/5.0 (compatible; Googlebot/2.1; +http://www.google.com/bot.html)"
123.151.149.222 - - [15/Jan/2015:04:26:39 +0100] "GET http://www.baidu.com/ HTTP/1.1" 200 4417 "-" "-"
5.255.253.181 - - [15/Jan/2015:04:28:41 +0100] "GET /robots.txt HTTP/1.1" 200 515 "-" "Mozilla/5.0 (compatible; YandexBot/3.0; +http://yandex.com/bots)"
5.255.253.181 - - [15/Jan/2015:04:28:42 +0100] "GET /robots.txt HTTP/1.1" 200 515 "-" "Mozilla/5.0 (compatible; YandexBot/3.0; +http://yandex.com/bots)"
5.255.253.181 - - [15/Jan/2015:04:28:43 +0100] "GET / HTTP/1.1" 200 1669 "-" "Mozilla/5.0 (compatible; YandexBot/3.0; +http://yandex.com/bots)"
5.255.253.181 - - [15/Jan/2015:04:28:44 +0100] "GET / HTTP/1.1" 200 1669 "-" "Mozilla/5.0 (compatible; YandexBot/3.0; +http://yandex.com/bots)"
5.255.253.181 - - [15/Jan/2015:04:28:47 +0100] "GET / HTTP/1.1" 200 1669 "-" "Mozilla/5.0 (compatible; YandexBot/3.0; +http://yandex.com/bots)"
5.255.253.181 - - [15/Jan/2015:04:28:48 +0100] "GET / HTTP/1.1" 200 1669 "-" "Mozilla/5.0 (compatible; YandexBot/3.0; +http://yandex.com/bots)"
66.249.67.6 - - [15/Jan/2015:04:33:59 +0100] "GET /index.php?dispatch=products.view&product_id=339 HTTP/1.1" 200 9744 "-" "Mozilla/5.0 (compatible; Googlebot/2.1; +http://www.google.com/bot.html)"
66.249.67.12 - - [15/Jan/2015:04:42:59 +0100] "GET /index.php?dispatch=pages.view&page_id=50 HTTP/1.1" 200 8694 "-" "Mozilla/5.0 (compatible; Googlebot/2.1; +http://www.google.com/bot.html)"
66.249.67.6 - - [15/Jan/2015:04:50:16 +0100] "GET /index.php?dispatch=products.view&product_id=336&sl=EN HTTP/1.1" 200 9719 "-" "Mozilla/5.0 (iPhone; CPU iPhone OS 6_0 like Mac OS X) AppleWebKit/536.26 (KHTML, like Gecko) Version/6.0 Mobile/10A5376e Safari/8536.25 (compatible; Googlebot/2.1; +http://www.google.com/bot.html)"
66.249.67.12 - - [15/Jan/2015:04:51:59 +0100] "GET /index.php?dispatch=products.view&product_id=336 HTTP/1.1" 200 9730 "-" "Mozilla/5.0 (compatible; Googlebot/2.1; +http://www.google.com/bot.html)"
66.249.67.156 - - [15/Jan/2015:05:09:59 +0100] "GET /index.php?dispatch=products.view&product_id=342 HTTP/1.1" 200 9721 "-" "Mozilla/5.0 (compatible; Googlebot/2.1; +http://www.google.com/bot.html)"
66.249.67.6 - - [15/Jan/2015:05:18:59 +0100] "GET /index.php?dispatch=products.view&product_id=338 HTTP/1.1" 200 9742 "-" "Mozilla/5.0 (compatible; Googlebot/2.1; +http://www.google.com/bot.html)"
66.249.67.12 - - [15/Jan/2015:05:27:59 +0100] "GET /index.php?dispatch=pages.view&page_id=60 HTTP/1.1" 200 9848 "-" "Mozilla/5.0 (compatible; Googlebot/2.1; +http://www.google.com/bot.html)"
66.249.67.6 - - [15/Jan/2015:05:29:41 +0100] "GET /index.php?dispatch=products.view&product_id=293 HTTP/1.1" 200 9898 "-" "Mozilla/5.0 (iPhone; CPU iPhone OS 6_0 like Mac OS X) AppleWebKit/536.26 (KHTML, like Gecko) Version/6.0 Mobile/10A5376e Safari/8536.25 (compatible; Googlebot/2.1; +http://www.google.com/bot.html)"
66.249.67.12 - - [15/Jan/2015:05:36:58 +0100] "GET /index.php?dispatch=products.view&product_id=331 HTTP/1.1" 200 9729 "-" "Mozilla/5.0 (compatible; Googlebot/2.1; +http://www.google.com/bot.html)"
66.249.67.6 - - [15/Jan/2015:05:45:58 +0100] "GET /index.php?dispatch=products.view&product_id=288 HTTP/1.1" 200 9742 "-" "Mozilla/5.0 (compatible; Googlebot/2.1; +http://www.google.com/bot.html)"
66.249.67.156 - - [15/Jan/2015:05:54:58 +0100] "GET /index.php?dispatch=categories.view&category_id=269 HTTP/1.1" 200 11246 "-" "Mozilla/5.0 (compatible; Googlebot/2.1; +http://www.google.com/bot.html)"
66.249.67.6 - - [15/Jan/2015:05:56:36 +0100] "GET /index.php?dispatch=categories.view&category_id=269&page=2 HTTP/1.1" 200 11213 "-" "Mozilla/5.0 (compatible; Googlebot/2.1; +http://www.google.com/bot.html)"
66.249.67.12 - - [15/Jan/2015:06:02:02 +0100] "GET /index.php?dispatch=products.quick_view&product_id=321&prev_url=index.php%3Fdispatch%3Dcategories.view%26amp%3Bcategory_id%3D269%26amp%3Bpage%3D2 HTTP/1.1" 302 570 "-" "Mozilla/5.0 (compatible; Googlebot/2.1; +http://www.google.com/bot.html)"
66.249.67.12 - - [15/Jan/2015:06:02:03 +0100] "GET /index.php?dispatch=products.quick_view&product_id=325&prev_url=index.php%3Fdispatch%3Dcategories.view%26amp%3Bcategory_id%3D269%26amp%3Bpage%3D2 HTTP/1.1" 302 570 "-" "Mozilla/5.0 (compatible; Googlebot/2.1; +http://www.google.com/bot.html)"
66.249.67.6 - - [15/Jan/2015:06:02:04 +0100] "GET /index.php?dispatch=products.view&product_id=321 HTTP/1.1" 200 9708 "-" "Mozilla/5.0 (compatible; Googlebot/2.1; +http://www.google.com/bot.html)"
66.249.67.156 - - [15/Jan/2015:06:02:20 +0100] "GET /index.php?dispatch=products.quick_view&product_id=326&prev_url=index.php%3Fdispatch%3Dcategories.view%26amp%3Bcategory_id%3D269%26amp%3Bpage%3D2 HTTP/1.1" 302 570 "-" "Mozilla/5.0 (compatible; Googlebot/2.1; +http://www.google.com/bot.html)"
66.249.67.12 - - [15/Jan/2015:06:02:40 +0100] "GET /index.php?dispatch=products.quick_view&product_id=328&prev_url=index.php%3Fdispatch%3Dcategories.view%26amp%3Bcategory_id%3D269%26amp%3Bpage%3D2 HTTP/1.1" 302 570 "-" "Mozilla/5.0 (compatible; Googlebot/2.1; +http://www.google.com/bot.html)"
66.249.67.6 - - [15/Jan/2015:06:02:41 +0100] "GET /index.php?dispatch=products.view&product_id=328 HTTP/1.1" 200 9729 "-" "Mozilla/5.0 (compatible; Googlebot/2.1; +http://www.google.com/bot.html)"
66.249.67.12 - - [15/Jan/2015:06:03:16 +0100] "GET /index.php?dispatch=categories.view&category_id=269&page=2&sl=PL HTTP/1.1" 200 11252 "-" "Mozilla/5.0 (compatible; Googlebot/2.1; +http://www.google.com/bot.html)"
66.249.67.6 - - [15/Jan/2015:06:03:54 +0100] "GET /index.php?dispatch=products.quick_view&product_id=335&prev_url=index.php%3Fdispatch%3Dcategories.view%26amp%3Bcategory_id%3D269%26amp%3Bpage%3D2 HTTP/1.1" 302 570 "-" "Mozilla/5.0 (compatible; Googlebot/2.1; +http://www.google.com/bot.html)"
66.249.67.12 - - [15/Jan/2015:06:03:55 +0100] "GET /index.php?dispatch=products.view&product_id=335 HTTP/1.1" 200 9713 "-" "Mozilla/5.0 (compatible; Googlebot/2.1; +http://www.google.com/bot.html)"
66.249.67.156 - - [15/Jan/2015:06:03:58 +0100] "GET /index.php?dispatch=products.view&product_id=340 HTTP/1.1" 200 9717 "-" "Mozilla/5.0 (compatible; Googlebot/2.1; +http://www.google.com/bot.html)"
66.249.67.6 - - [15/Jan/2015:06:04:31 +0100] "GET /index.php?dispatch=products.quick_view&product_id=307&prev_url=index.php%3Fdispatch%3Dcategories.view%26amp%3Bcategory_id%3D269%26amp%3Bpage%3D2 HTTP/1.1" 302 570 "-" "Mozilla/5.0 (compatible; Googlebot/2.1; +http://www.google.com/bot.html)"
66.249.67.156 - - [15/Jan/2015:06:04:32 +0100] "GET /index.php?dispatch=products.view&product_id=307 HTTP/1.1" 200 9714 "-" "Mozilla/5.0 (compatible; Googlebot/2.1; +http://www.google.com/bot.html)"
66.249.67.12 - - [15/Jan/2015:06:05:13 +0100] "GET /index.php?dispatch=products.quick_view&product_id=327&prev_url=index.php%3Fdispatch%3Dcategories.view%26amp%3Bcategory_id%3D269%26amp%3Bpage%3D2 HTTP/1.1" 302 570 "-" "Mozilla/5.0 (compatible; Googlebot/2.1; +http://www.google.com/bot.html)"
66.249.67.156 - - [15/Jan/2015:06:05:14 +0100] "GET /index.php?dispatch=products.view&product_id=327 HTTP/1.1" 200 9714 "-" "Mozilla/5.0 (compatible; Googlebot/2.1; +http://www.google.com/bot.html)"
66.249.67.6 - - [15/Jan/2015:06:05:56 +0100] "GET /index.php?dispatch=products.quick_view&product_id=259&prev_url=index.php%3Fdispatch%3Dcategories.view%26amp%3Bcategory_id%3D269%26amp%3Bpage%3D2 HTTP/1.1" 302 570 "-" "Mozilla/5.0 (compatible; Googlebot/2.1; +http://www.google.com/bot.html)"
66.249.67.156 - - [15/Jan/2015:06:05:57 +0100] "GET /index.php?dispatch=products.view&product_id=259 HTTP/1.1" 200 9718 "-" "Mozilla/5.0 (compatible; Googlebot/2.1; +http://www.google.com/bot.html)"
66.249.67.6 - - [15/Jan/2015:06:06:35 +0100] "GET /index.php?dispatch=products.view&product_id=321&sl=EN HTTP/1.1" 200 9529 "-" "Mozilla/5.0 (compatible; Googlebot/2.1; +http://www.google.com/bot.html)"
66.249.67.156 - - [15/Jan/2015:06:06:36 +0100] "GET /index.php?dispatch=products.view&product_id=321&sl=PL HTTP/1.1" 200 9713 "-" "Mozilla/5.0 (compatible; Googlebot/2.1; +http://www.google.com/bot.html)"
66.249.67.156 - - [15/Jan/2015:06:06:44 +0100] "GET /images/detailed/1/DSCF0006_60x90_pejzaz_dudek_349_zl_r.jpg HTTP/1.1" 200 393687 "-" "Googlebot-Image/1.0"
66.249.67.6 - - [15/Jan/2015:06:06:46 +0100] "GET /images/detailed/1/DSCF0006_60x90_pejzaz_dudek_349_zl_m.jpg HTTP/1.1" 200 394190 "-" "Googlebot-Image/1.0"
66.249.67.12 - - [15/Jan/2015:06:06:54 +0100] "GET /index.php?dispatch=products.view&product_id=327&sl=EN HTTP/1.1" 200 9538 "-" "Mozilla/5.0 (compatible; Googlebot/2.1; +http://www.google.com/bot.html)"
66.249.67.12 - - [15/Jan/2015:06:07:07 +0100] "GET /images/detailed/1/DSCF0679_r.jpg HTTP/1.1" 200 452496 "-" "Googlebot-Image/1.0"
66.249.67.6 - - [15/Jan/2015:06:07:20 +0100] "GET /index.php?dispatch=products.view&product_id=327&sl=PL HTTP/1.1" 200 9721 "-" "Mozilla/5.0 (compatible; Googlebot/2.1; +http://www.google.com/bot.html)"
66.249.67.6 - - [15/Jan/2015:06:07:36 +0100] "GET /images/detailed/1/DSCF0679_k.jpg HTTP/1.1" 200 228821 "-" "Googlebot-Image/1.0"
66.249.67.12 - - [15/Jan/2015:06:07:50 +0100] "GET /index.php?dispatch=categories.view&category_id=269&sl=PL&items_per_page=96 HTTP/1.1" 200 12755 "-" "Mozilla/5.0 (compatible; Googlebot/2.1; +http://www.google.com/bot.html)"
66.249.67.6 - - [15/Jan/2015:06:07:59 +0100] "GET /images/detailed/1/DSCF0679_a.jpg HTTP/1.1" 200 482860 "-" "Googlebot-Image/1.0"
66.249.67.6 - - [15/Jan/2015:06:08:24 +0100] "GET /index.php?dispatch=categories.view&category_id=269&sl=PL&items_per_page=24 HTTP/1.1" 200 12386 "-" "Mozilla/5.0 (compatible; Googlebot/2.1; +http://www.google.com/bot.html)"
66.249.67.156 - - [15/Jan/2015:06:08:26 +0100] "GET /images/detailed/1/DSCF0688_m.jpg HTTP/1.1" 200 377703 "-" "Googlebot-Image/1.0"
66.249.67.12 - - [15/Jan/2015:06:08:45 +0100] "GET /index.php?dispatch=products.view&product_id=330 HTTP/1.1" 200 9893 "-" "Mozilla/5.0 (iPhone; CPU iPhone OS 6_0 like Mac OS X) AppleWebKit/536.26 (KHTML, like Gecko) Version/6.0 Mobile/10A5376e Safari/8536.25 (compatible; Googlebot/2.1; +http://www.google.com/bot.html)"
66.249.67.6 - - [15/Jan/2015:06:08:52 +0100] "GET /images/detailed/1/DSCF0006_60x90_pejzaz_dudek_349_zl_a.jpg HTTP/1.1" 200 403231 "-" "Googlebot-Image/1.0"
66.249.67.6 - - [15/Jan/2015:06:09:07 +0100] "GET /index.php?dispatch=categories.view&category_id=269&sl=PL&page=3 HTTP/1.1" 200 10549 "-" "Mozilla/5.0 (compatible; Googlebot/2.1; +http://www.google.com/bot.html)"
66.249.67.156 - - [15/Jan/2015:06:10:51 +0100] "GET /index.php?dispatch=categories.view&category_id=269&sl=PL&items_per_page=48 HTTP/1.1" 200 12757 "-" "Mozilla/5.0 (compatible; Googlebot/2.1; +http://www.google.com/bot.html)"
66.249.67.12 - - [15/Jan/2015:06:11:34 +0100] "GET /index.php?dispatch=auth.login_form&return_url=index.php%3Fdispatch%3Dproducts.view%26product_id%3D327%26sl%3DPL HTTP/1.1" 200 7187 "-" "Mozilla/5.0 (compatible; Googlebot/2.1; +http://www.google.com/bot.html)"
66.249.67.156 - - [15/Jan/2015:06:11:36 +0100] "GET /index.php?dispatch=products.quick_view&product_id=333&prev_url=index.php%3Fdispatch%3Dcategories.view%26amp%3Bcategory_id%3D269%26amp%3Bsl%3DPL%26amp%3Bitems_per_page%3D96 HTTP/1.1" 302 570 "-" "Mozilla/5.0 (compatible; Googlebot/2.1; +http://www.google.com/bot.html)"
66.249.67.12 - - [15/Jan/2015:06:11:38 +0100] "GET /index.php?dispatch=products.view&product_id=333 HTTP/1.1" 200 9732 "-" "Mozilla/5.0 (compatible; Googlebot/2.1; +http://www.google.com/bot.html)"
66.249.67.156 - - [15/Jan/2015:06:11:57 +0100] "GET /index.php?dispatch=auth.login_form&return_url=index.php%3Fdispatch%3Dproducts.view%26product_id%3D327%26sl%3DEN HTTP/1.1" 200 7186 "-" "Mozilla/5.0 (compatible; Googlebot/2.1; +http://www.google.com/bot.html)"
66.249.67.6 - - [15/Jan/2015:06:12:24 +0100] "GET /index.php?dispatch=auth.login_form&return_url=index.php%3Fdispatch%3Dproducts.view%26product_id%3D321%26sl%3DEN HTTP/1.1" 200 7185 "-" "Mozilla/5.0 (compatible; Googlebot/2.1; +http://www.google.com/bot.html)"
66.249.67.6 - - [15/Jan/2015:06:12:58 +0100] "GET /index.php?dispatch=products.view&product_id=337 HTTP/1.1" 200 9734 "-" "Mozilla/5.0 (compatible; Googlebot/2.1; +http://www.google.com/bot.html)"
66.249.67.156 - - [15/Jan/2015:06:13:08 +0100] "GET /index.php?dispatch=auth.login_form&return_url=index.php%3Fdispatch%3Dproducts.view%26product_id%3D321%26sl%3DPL HTTP/1.1" 200 7186 "-" "Mozilla/5.0 (compatible; Googlebot/2.1; +http://www.google.com/bot.html)"
66.249.67.156 - - [15/Jan/2015:06:14:09 +0100] "GET /index.php?dispatch=products.quick_view&product_id=308&prev_url=index.php%3Fdispatch%3Dcategories.view%26amp%3Bcategory_id%3D269%26amp%3Bsl%3DPL%26amp%3Bitems_per_page%3D96 HTTP/1.1" 302 570 "-" "Mozilla/5.0 (compatible; Googlebot/2.1; +http://www.google.com/bot.html)"
66.249.67.12 - - [15/Jan/2015:06:14:10 +0100] "GET /index.php?dispatch=products.view&product_id=308 HTTP/1.1" 200 9725 "-" "Mozilla/5.0 (compatible; Googlebot/2.1; +http://www.google.com/bot.html)"
66.249.67.12 - - [15/Jan/2015:06:14:52 +0100] "GET /index.php?dispatch=products.quick_view&product_id=316&prev_url=index.php%3Fdispatch%3Dcategories.view%26amp%3Bcategory_id%3D269%26amp%3Bsl%3DPL%26amp%3Bitems_per_page%3D96 HTTP/1.1" 302 570 "-" "Mozilla/5.0 (compatible; Googlebot/2.1; +http://www.google.com/bot.html)"
66.249.67.12 - - [15/Jan/2015:06:14:53 +0100] "GET /index.php?dispatch=products.view&product_id=316 HTTP/1.1" 200 9719 "-" "Mozilla/5.0 (compatible; Googlebot/2.1; +http://www.google.com/bot.html)"
66.249.67.12 - - [15/Jan/2015:06:15:55 +0100] "GET /index.php?dispatch=categories.view&category_id=269&sl=PL&items_per_page=24&page=2 HTTP/1.1" 200 10558 "-" "Mozilla/5.0 (compatible; Googlebot/2.1; +http://www.google.com/bot.html)"
66.249.67.156 - - [15/Jan/2015:06:17:33 +0100] "GET /index.php?dispatch=categories.view&category_id=269&sl=PL&items_per_4&page=1 HTTP/1.1" 200 11316 "-" "Mozilla/5.0 (compatible; Googlebot/2.1; +http://www.google.com/bot.html)"
66.249.67.156 - - [15/Jan/2015:06:17:35 +0100] "GET /stores/3/skins/basic/customer/addons/bestsellers/styles.css HTTP/1.1" 200 400 "http://a-art.eu/index.php?dispatch=products.view&product_id=316" "Mozilla/5.0 (compatible; Googlebot/2.1; +http://www.google.com/bot.html)"
66.249.67.6 - - [15/Jan/2015:06:17:36 +0100] "GET /stores/3/skins/basic/customer/dropdown.css HTTP/1.1" 200 3489 "http://a-art.eu/index.php?dispatch=products.view&product_id=316" "Mozilla/5.0 (compatible; Googlebot/2.1; +http://www.google.com/bot.html)"
66.249.67.12 - - [15/Jan/2015:06:17:38 +0100] "GET /stores/3/skins/basic/customer/addons/banners/styles.css HTTP/1.1" 200 1034 "http://a-art.eu/index.php?dispatch=products.view&product_id=316" "Mozilla/5.0 (compatible; Googlebot/2.1; +http://www.google.com/bot.html)"
66.249.67.156 - - [15/Jan/2015:06:17:39 +0100] "GET /stores/3/skins/basic/customer/styles.css HTTP/1.1" 200 15247 "http://a-art.eu/index.php?dispatch=products.view&product_id=316" "Mozilla/5.0 (compatible; Googlebot/2.1; +http://www.google.com/bot.html)"
66.249.67.156 - - [15/Jan/2015:06:17:39 +0100] "GET /addons/magicscroll/ajax.js HTTP/1.1" 200 5029 "http://a-art.eu/index.php?dispatch=products.view&product_id=316" "Mozilla/5.0 (compatible; Googlebot/2.1; +http://www.google.com/bot.html)"
66.249.67.6 - - [15/Jan/2015:06:17:40 +0100] "GET /addons/magicscroll/core/magicscroll.css HTTP/1.1" 200 1182 "http://a-art.eu/index.php?dispatch=products.view&product_id=316" "Mozilla/5.0 (compatible; Googlebot/2.1; +http://www.google.com/bot.html)"
66.249.67.12 - - [15/Jan/2015:06:17:41 +0100] "GET /stores/3/skins/basic/customer/addons/recurring_billing/styles.css HTTP/1.1" 200 754 "http://a-art.eu/index.php?dispatch=products.view&product_id=316" "Mozilla/5.0 (compatible; Googlebot/2.1; +http://www.google.com/bot.html)"
66.249.67.12 - - [15/Jan/2015:06:17:42 +0100] "GET /stores/3/skins/basic/customer/addons/tags/styles.css HTTP/1.1" 200 880 "http://a-art.eu/index.php?dispatch=products.view&product_id=316" "Mozilla/5.0 (compatible; Googlebot/2.1; +http://www.google.com/bot.html)"
66.249.67.12 - - [15/Jan/2015:06:17:42 +0100] "GET /stores/3/skins/basic/customer/css/960/960.css HTTP/1.1" 200 1517 "http://a-art.eu/index.php?dispatch=products.view&product_id=316" "Mozilla/5.0 (compatible; Googlebot/2.1; +http://www.google.com/bot.html)"
66.249.67.6 - - [15/Jan/2015:06:17:43 +0100] "GET /addons/tags/js/tags_autocomplete.js HTTP/1.1" 200 798 "http://a-art.eu/index.php?dispatch=products.view&product_id=316" "Mozilla/5.0 (compatible; Googlebot/2.1; +http://www.google.com/bot.html)"
66.249.67.6 - - [15/Jan/2015:06:17:44 +0100] "GET /addons/recurring_billing/js/func.js HTTP/1.1" 200 950 "http://a-art.eu/index.php?dispatch=products.view&product_id=316" "Mozilla/5.0 (compatible; Googlebot/2.1; +http://www.google.com/bot.html)"
66.249.67.6 - - [15/Jan/2015:06:17:44 +0100] "GET /addons/news_and_emails/js/func.js HTTP/1.1" 200 818 "http://a-art.eu/index.php?dispatch=products.view&product_id=316" "Mozilla/5.0 (compatible; Googlebot/2.1; +http://www.google.com/bot.html)"
66.249.67.12 - - [15/Jan/2015:06:17:45 +0100] "GET /stores/3/skins/basic/customer/addons/wishlist/styles.css HTTP/1.1" 200 794 "http://a-art.eu/index.php?dispatch=products.view&product_id=316" "Mozilla/5.0 (compatible; Googlebot/2.1; +http://www.google.com/bot.html)"
66.249.67.12 - - [15/Jan/2015:06:17:46 +0100] "GET /stores/3/skins/basic/customer/custom.css HTTP/1.1" 200 1434 "http://a-art.eu/index.php?dispatch=products.view&product_id=316" "Mozilla/5.0 (compatible; Googlebot/2.1; +http://www.google.com/bot.html)"
66.249.67.6 - - [15/Jan/2015:06:17:47 +0100] "GET /stores/3/skins/basic/customer/addons/gift_certificates/styles.css HTTP/1.1" 200 1050 "http://a-art.eu/index.php?dispatch=products.view&product_id=316" "Mozilla/5.0 (compatible; Googlebot/2.1; +http://www.google.com/bot.html)"
66.249.67.156 - - [15/Jan/2015:06:17:47 +0100] "GET /stores/3/skins/basic/customer/addons/gift_registry/styles.css HTTP/1.1" 200 1601 "http://a-art.eu/index.php?dispatch=products.view&product_id=316" "Mozilla/5.0 (compatible; Googlebot/2.1; +http://www.google.com/bot.html)"
66.249.67.156 - - [15/Jan/2015:06:17:48 +0100] "GET /stores/3/skins/basic/customer/css/ui/jqueryui.css HTTP/1.1" 200 6153 "http://a-art.eu/index.php?dispatch=products.view&product_id=316" "Mozilla/5.0 (compatible; Googlebot/2.1; +http://www.google.com/bot.html)"
66.249.67.156 - - [15/Jan/2015:06:17:48 +0100] "GET /stores/3/skins/basic/customer/p7tpm04.css HTTP/1.1" 200 1650 "http://a-art.eu/index.php?dispatch=products.view&product_id=316" "Mozilla/5.0 (compatible; Googlebot/2.1; +http://www.google.com/bot.html)"
66.249.67.6 - - [15/Jan/2015:06:17:49 +0100] "GET /stores/3/skins/basic/customer/addons/news_and_emails/styles.css HTTP/1.1" 200 623 "http://a-art.eu/index.php?dispatch=products.view&product_id=316" "Mozilla/5.0 (compatible; Googlebot/2.1; +http://www.google.com/bot.html)"
66.249.67.156 - - [15/Jan/2015:06:17:49 +0100] "GET /stores/3/skins/basic/customer/addons/polls/styles.css HTTP/1.1" 200 832 "http://a-art.eu/index.php?dispatch=products.view&product_id=316" "Mozilla/5.0 (compatible; Googlebot/2.1; +http://www.google.com/bot.html)"
66.249.67.156 - - [15/Jan/2015:06:17:50 +0100] "GET /stores/3/skins/basic/customer/addons/discussion/styles.css HTTP/1.1" 200 952 "http://a-art.eu/index.php?dispatch=products.view&product_id=316" "Mozilla/5.0 (compatible; Googlebot/2.1; +http://www.google.com/bot.html)"
66.249.67.156 - - [15/Jan/2015:06:17:52 +0100] "GET /stores/3/skins/basic/customer/print.css HTTP/1.1" 200 642 "http://a-art.eu/index.php?dispatch=products.view&product_id=316" "Mozilla/5.0 (compatible; Googlebot/2.1; +http://www.google.com/bot.html)"
66.249.67.6 - - [15/Jan/2015:06:18:02 +0100] "GET /stores/3/skins/basic/customer/css/960/reset.css HTTP/1.1" 200 840 "-" "Mozilla/5.0 (compatible; Googlebot/2.1; +http://www.google.com/bot.html)"
66.249.67.156 - - [15/Jan/2015:06:18:03 +0100] "GET /stores/3/skins/basic/customer/addons/form_builder/styles.css HTTP/1.1" 200 595 "-" "Mozilla/5.0 (compatible; Googlebot/2.1; +http://www.google.com/bot.html)"
66.249.67.6 - - [15/Jan/2015:06:18:03 +0100] "GET /stores/3/skins/basic/customer/base.css HTTP/1.1" 200 17233 "-" "Mozilla/5.0 (compatible; Googlebot/2.1; +http://www.google.com/bot.html)"
66.249.67.156 - - [15/Jan/2015:06:18:04 +0100] "GET /addons/magicscroll/core.js HTTP/1.1" 200 27431 "http://a-art.eu/index.php?dispatch=products.view&product_id=316" "Mozilla/5.0 (compatible; Googlebot/2.1; +http://www.google.com/bot.html)"
66.249.67.156 - - [15/Jan/2015:06:18:05 +0100] "GET /addons/magicscroll/core/magicscroll.js HTTP/1.1" 200 20313 "http://a-art.eu/index.php?dispatch=products.view&product_id=316" "Mozilla/5.0 (compatible; Googlebot/2.1; +http://www.google.com/bot.html)"
66.249.67.12 - - [15/Jan/2015:06:18:06 +0100] "GET /addons/banners/js/slider.js HTTP/1.1" 200 1402 "http://a-art.eu/index.php?dispatch=products.view&product_id=316" "Mozilla/5.0 (compatible; Googlebot/2.1; +http://www.google.com/bot.html)"
66.249.67.6 - - [15/Jan/2015:06:21:50 +0100] "GET /index.php?dispatch=categories.view&category_id=269&sl=PL&items_per_4&page=3 HTTP/1.1" 200 10570 "-" "Mozilla/5.0 (compatible; Googlebot/2.1; +http://www.google.com/bot.html)"
66.249.67.12 - - [15/Jan/2015:06:21:58 +0100] "GET /index.php?dispatch=pages.view&page_id=46 HTTP/1.1" 200 10279 "-" "Mozilla/5.0 (compatible; Googlebot/2.1; +http://www.google.com/bot.html)"
66.249.67.12 - - [15/Jan/2015:06:22:36 +0100] "GET /index.php?dispatch=categories.view&category_id=269&sl=PL&items_per_4&page=2 HTTP/1.1" 200 11283 "-" "Mozilla/5.0 (compatible; Googlebot/2.1; +http://www.google.com/bot.html)"
66.249.67.6 - - [15/Jan/2015:06:23:40 +0100] "GET /index.php?dispatch=categories.view&category_id=269&sl=PL&items_per_4&items_per_page=96 HTTP/1.1" 200 12819 "-" "Mozilla/5.0 (compatible; Googlebot/2.1; +http://www.google.com/bot.html)"
66.249.67.156 - - [15/Jan/2015:06:24:37 +0100] "GET /index.php?dispatch=categories.view&category_id=269&sl=PL&items_per_4&items_per_page=24 HTTP/1.1" 200 12442 "-" "Mozilla/5.0 (compatible; Googlebot/2.1; +http://www.google.com/bot.html)"
66.249.67.12 - - [15/Jan/2015:06:25:49 +0100] "GET /index.php?dispatch=categories.view&category_id=269&sl=PL&items_per_4&items_per_page=48 HTTP/1.1" 200 12823 "-" "Mozilla/5.0 (compatible; Googlebot/2.1; +http://www.google.com/bot.html)"
66.249.78.111 - - [15/Jan/2015:06:26:34 +0100] "GET /index.php?dispatch=categories.view&category_id=269&items_per_4&items_per_page=48&sl=EN HTTP/1.1" 200 11901 "-" "Mozilla/5.0 (compatible; Googlebot/2.1; +http://www.google.com/bot.html)"
66.249.67.6 - - [15/Jan/2015:06:26:56 +0100] "GET /index.php?dispatch=categories.view&category_id=269&sl=PL&items_per_4&items_per_page=12 HTTP/1.1" 200 11319 "-" "Mozilla/5.0 (compatible; Googlebot/2.1; +http://www.google.com/bot.html)"
