66.249.67.6 - - [15/Jan/2015:06:27:22 +0100] "GET /index.php?dispatch=categories.view&category_id=269&items_per_4&page=3&sl=EN HTTP/1.1" 200 9687 "-" "Mozilla/5.0 (compatible; Googlebot/2.1; +http://www.google.com/bot.html)"
66.249.67.12 - - [15/Jan/2015:06:27:51 +0100] "GET /index.php?dispatch=categories.view&category_id=269&items_per_4&items_per_page=24&sl=EN HTTP/1.1" 200 11512 "-" "Mozilla/5.0 (compatible; Googlebot/2.1; +http://www.google.com/bot.html)"
66.249.67.156 - - [15/Jan/2015:06:28:29 +0100] "GET /index.php?dispatch=categories.view&category_id=269&items_per_4&items_per_page=96&sl=EN HTTP/1.1" 200 11900 "-" "Mozilla/5.0 (compatible; Googlebot/2.1; +http://www.google.com/bot.html)"
66.249.67.12 - - [15/Jan/2015:06:29:40 +0100] "GET /index.php?dispatch=categories.view&category_id=269&sl=PL&items_per_4&items_per_page=24&page=2 HTTP/1.1" 200 10580 "-" "Mozilla/5.0 (compatible; Googlebot/2.1; +http://www.google.com/bot.html)"
66.249.67.156 - - [15/Jan/2015:06:30:42 +0100] "GET /index.php?dispatch=categories.view&category_id=269&items_per_4&page=2&sl=EN HTTP/1.1" 200 10349 "-" "Mozilla/5.0 (compatible; Googlebot/2.1; +http://www.google.com/bot.html)"
95.49.69.131 - - [15/Jan/2015:06:31:27 +0100] "GET /aart1/a-art1/0017_5x7.jpg HTTP/1.1" 200 495935 "https://www.google.pl/" "Mozilla/5.0 (Windows NT 6.1) AppleWebKit/537.36 (KHTML, like Gecko) Chrome/39.0.2171.95 Safari/537.36"
66.249.67.6 - - [15/Jan/2015:06:31:34 +0100] "GET /index.php?dispatch=categories.view&category_id=269&items_per_4&sl=EN&items_per_page=12 HTTP/1.1" 200 10390 "-" "Mozilla/5.0 (compatible; Googlebot/2.1; +http://www.google.com/bot.html)"
66.249.67.6 - - [15/Jan/2015:06:31:50 +0100] "GET /index.php?dispatch=categories.view&category_id=269&sl=PL&items_per_4&items_per_page=12&page=3 HTTP/1.1" 200 10596 "-" "Mozilla/5.0 (compatible; Googlebot/2.1; +http://www.google.com/bot.html)"
66.249.67.12 - - [15/Jan/2015:06:32:34 +0100] "GET /index.php?dispatch=categories.view&category_id=269&sl=PL&items_per_4&items_per_page=12&page=2 HTTP/1.1" 200 11315 "-" "Mozilla/5.0 (compatible; Googlebot/2.1; +http://www.google.com/bot.html)"
66.249.67.6 - - [15/Jan/2015:06:33:52 +0100] "GET /index.php?dispatch=categories.view&category_id=269&items_per_4&items_per_page=24&sl=EN&page=2 HTTP/1.1" 200 9700 "-" "Mozilla/5.0 (compatible; Googlebot/2.1; +http://www.google.com/bot.html)"
66.249.67.156 - - [15/Jan/2015:06:35:38 +0100] "GET /index.php?dispatch=categories.view&category_id=269&sl=PL&items_per_4&items_per_4&page=1 HTTP/1.1" 200 11348 "-" "Mozilla/5.0 (compatible; Googlebot/2.1; +http://www.google.com/bot.html)"
66.249.67.156 - - [15/Jan/2015:06:36:35 +0100] "GET /index.php?dispatch=categories.view&category_id=269&items_per_4&items_per_4&sl=EN&page=1 HTTP/1.1" 200 10406 "-" "Mozilla/5.0 (compatible; Googlebot/2.1; +http://www.google.com/bot.html)"
66.249.67.6 - - [15/Jan/2015:06:36:37 +0100] "GET /index.php?dispatch=categories.view&category_id=269&items_per_4&sl=EN&items_per_page=12&page=2 HTTP/1.1" 200 10382 "-" "Mozilla/5.0 (compatible; Googlebot/2.1; +http://www.google.com/bot.html)"
66.249.67.6 - - [15/Jan/2015:06:36:59 +0100] "GET /index.php?dispatch=categories.view&category_id=269&sl=PL&items_per_4&items_per_page=12&page=1 HTTP/1.1" 200 11355 "-" "Mozilla/5.0 (compatible; Googlebot/2.1; +http://www.google.com/bot.html)"
66.249.67.6 - - [15/Jan/2015:06:37:39 +0100] "GET /index.php?dispatch=categories.view&category_id=269&sl=PL&items_per_4&items_per_4&items_per_page=48 HTTP/1.1" 200 12889 "-" "Mozilla/5.0 (compatible; Googlebot/2.1; +http://www.google.com/bot.html)"
66.249.67.6 - - [15/Jan/2015:06:38:16 +0100] "GET /index.php?dispatch=categories.view&category_id=269&sl=PL&items_per_4&items_per_4&items_per_page=96 HTTP/1.1" 200 12885 "-" "Mozilla/5.0 (compatible; Googlebot/2.1; +http://www.google.com/bot.html)"
66.249.67.156 - - [15/Jan/2015:06:38:54 +0100] "GET /index.php?dispatch=categories.view&category_id=269&sl=PL&items_per_4&items_per_4&page=3 HTTP/1.1" 200 10588 "-" "Mozilla/5.0 (compatible; Googlebot/2.1; +http://www.google.com/bot.html)"
66.249.67.12 - - [15/Jan/2015:06:39:33 +0100] "GET /index.php?dispatch=categories.view&category_id=269&sl=PL&items_per_4&items_per_4&page=2 HTTP/1.1" 200 11311 "-" "Mozilla/5.0 (compatible; Googlebot/2.1; +http://www.google.com/bot.html)"
66.249.67.6 - - [15/Jan/2015:06:39:58 +0100] "GET /index.php?dispatch=products.view&product_id=294 HTTP/1.1" 200 9728 "-" "Mozilla/5.0 (compatible; Googlebot/2.1; +http://www.google.com/bot.html)"
66.249.67.6 - - [15/Jan/2015:06:40:00 +0100] "GET /index.php?dispatch=categories.view&category_id=269&sl=PL&items_per_4&items_per_4&items_per_page=24 HTTP/1.1" 200 12494 "-" "Mozilla/5.0 (compatible; Googlebot/2.1; +http://www.google.com/bot.html)"
66.249.67.156 - - [15/Jan/2015:06:41:16 +0100] "GET /index.php?dispatch=categories.view&category_id=269&items_per_4&sl=EN&items_per_page=12&page=3 HTTP/1.1" 200 9717 "-" "Mozilla/5.0 (compatible; Googlebot/2.1; +http://www.google.com/bot.html)"
66.249.67.12 - - [15/Jan/2015:06:41:35 +0100] "GET /index.php?dispatch=categories.view&category_id=269&sl=PL&items_per_4&items_per_4&items_per_page=24&page=2 HTTP/1.1" 200 10588 "-" "Mozilla/5.0 (compatible; Googlebot/2.1; +http://www.google.com/bot.html)"
66.249.67.156 - - [15/Jan/2015:06:42:02 +0100] "GET /index.php?dispatch=categories.view&category_id=269&items_per_4&items_per_4&sl=EN&items_per_page=96 HTTP/1.1" 200 11964 "-" "Mozilla/5.0 (compatible; Googlebot/2.1; +http://www.google.com/bot.html)"
95.49.69.131 - - [15/Jan/2015:06:42:38 +0100] "GET /aart1/a-art1/3859_42x42.jpg HTTP/1.1" 200 154826 "https://www.google.pl/" "Mozilla/5.0 (Windows NT 6.1) AppleWebKit/537.36 (KHTML, like Gecko) Chrome/39.0.2171.95 Safari/537.36"
66.249.67.12 - - [15/Jan/2015:06:42:41 +0100] "GET /index.php?dispatch=categories.view&category_id=269&items_per_4&items_per_4&sl=EN&page=3 HTTP/1.1" 200 9697 "-" "Mozilla/5.0 (compatible; Googlebot/2.1; +http://www.google.com/bot.html)"
66.249.67.6 - - [15/Jan/2015:06:43:18 +0100] "GET /index.php?dispatch=categories.view&category_id=269&items_per_4&sl=EN&items_per_page=12&page=1 HTTP/1.1" 200 10428 "-" "Mozilla/5.0 (compatible; Googlebot/2.1; +http://www.google.com/bot.html)"
66.249.67.156 - - [15/Jan/2015:06:43:55 +0100] "GET /index.php?dispatch=categories.view&category_id=269&items_per_4&items_per_4&sl=EN&items_per_page=48 HTTP/1.1" 200 11966 "-" "Mozilla/5.0 (compatible; Googlebot/2.1; +http://www.google.com/bot.html)"
66.249.67.156 - - [15/Jan/2015:06:44:33 +0100] "GET /index.php?dispatch=categories.view&category_id=269&items_per_4&items_per_4&sl=EN&page=2 HTTP/1.1" 200 10361 "-" "Mozilla/5.0 (compatible; Googlebot/2.1; +http://www.google.com/bot.html)"
66.249.67.156 - - [15/Jan/2015:06:45:13 +0100] "GET /index.php?dispatch=categories.view&category_id=269&items_per_4&items_per_4&sl=EN&items_per_page=24 HTTP/1.1" 200 11568 "-" "Mozilla/5.0 (compatible; Googlebot/2.1; +http://www.google.com/bot.html)"
66.249.67.6 - - [15/Jan/2015:06:45:57 +0100] "GET /index.php?dispatch=categories.view&category_id=269&sl=PL&items_per_4&items_per_4&items_per_page=12 HTTP/1.1" 200 11346 "-" "Mozilla/5.0 (compatible; Googlebot/2.1; +http://www.google.com/bot.html)"
66.249.67.12 - - [15/Jan/2015:06:46:36 +0100] "GET /index.php?dispatch=categories.view&category_id=269&items_per_4&items_per_4&sl=EN&items_per_page=12 HTTP/1.1" 200 10415 "-" "Mozilla/5.0 (compatible; Googlebot/2.1; +http://www.google.com/bot.html)"
66.249.67.6 - - [15/Jan/2015:06:46:38 +0100] "GET /index.php?dispatch=categories.view&category_id=269&items_per_4&items_per_4&items_per_page=24&page=2&sl=EN HTTP/1.1" 200 9710 "-" "Mozilla/5.0 (compatible; Googlebot/2.1; +http://www.google.com/bot.html)"
66.249.67.156 - - [15/Jan/2015:06:47:10 +0100] "GET /index.php?dispatch=categories.view&category_id=269&sl=PL&items_per_4&items_per_4&items_per_page=12&page=2 HTTP/1.1" 200 11322 "-" "Mozilla/5.0 (compatible; Googlebot/2.1; +http://www.google.com/bot.html)"
66.249.67.156 - - [15/Jan/2015:06:47:12 +0100] "GET /index.php?dispatch=categories.view&category_id=269&sl=PL&items_per_4&items_per_4&items_per_page=12&page=3 HTTP/1.1" 200 10601 "-" "Mozilla/5.0 (compatible; Googlebot/2.1; +http://www.google.com/bot.html)"
66.249.67.6 - - [15/Jan/2015:06:47:50 +0100] "GET /index.php?dispatch=products.view&product_id=253&sl=EN HTTP/1.1" 200 9767 "-" "Mozilla/5.0 (iPhone; CPU iPhone OS 6_0 like Mac OS X) AppleWebKit/536.26 (KHTML, like Gecko) Version/6.0 Mobile/10A5376e Safari/8536.25 (compatible; Googlebot/2.1; +http://www.google.com/bot.html)"
66.249.67.6 - - [15/Jan/2015:06:48:58 +0100] "GET /index.php?dispatch=pages.view&page_id=43 HTTP/1.1" 200 9322 "-" "Mozilla/5.0 (compatible; Googlebot/2.1; +http://www.google.com/bot.html)"
66.249.67.12 - - [15/Jan/2015:06:51:34 +0100] "GET /index.php?dispatch=categories.view&category_id=269&items_per_4&items_per_4&items_per_page=24&sl=EN&page=1 HTTP/1.1" 200 11587 "-" "Mozilla/5.0 (compatible; Googlebot/2.1; +http://www.google.com/bot.html)"
66.249.67.12 - - [15/Jan/2015:06:51:36 +0100] "GET /index.php?dispatch=categories.view&category_id=269&items_per_4&items_per_4&sl=EN&items_per_page=12&page=2 HTTP/1.1" 200 10391 "-" "Mozilla/5.0 (compatible; Googlebot/2.1; +http://www.google.com/bot.html)"
66.249.67.6 - - [15/Jan/2015:06:51:37 +0100] "GET /index.php?dispatch=categories.view&category_id=269&sl=PL&items_per_4&items_per_4&items_per_page=12&page=1 HTTP/1.1" 200 11362 "-" "Mozilla/5.0 (compatible; Googlebot/2.1; +http://www.google.com/bot.html)"
66.249.67.12 - - [15/Jan/2015:06:56:00 +0100] "GET /index.php?dispatch=categories.view&category_id=269&items_per_4&items_per_4&items_per_page=12&page=3&sl=EN HTTP/1.1" 200 9730 "-" "Mozilla/5.0 (compatible; Googlebot/2.1; +http://www.google.com/bot.html)"
66.249.67.156 - - [15/Jan/2015:06:56:34 +0100] "GET /index.php?dispatch=categories.view&category_id=269&items_per_4&items_per_4&items_per_page=24&page=1&sl=PL HTTP/1.1" 200 12514 "-" "Mozilla/5.0 (compatible; Googlebot/2.1; +http://www.google.com/bot.html)"
66.249.67.156 - - [15/Jan/2015:06:56:35 +0100] "GET /index.php?dispatch=categories.view&category_id=269&items_per_4&items_per_4&items_per_page=12&sl=EN&page=1 HTTP/1.1" 200 10438 "-" "Mozilla/5.0 (compatible; Googlebot/2.1; +http://www.google.com/bot.html)"
66.249.67.6 - - [15/Jan/2015:07:06:58 +0100] "GET /index.php?dispatch=products.view&product_id=330 HTTP/1.1" 200 9719 "-" "Mozilla/5.0 (compatible; Googlebot/2.1; +http://www.google.com/bot.html)"
88.156.191.115 - - [15/Jan/2015:07:13:25 +0100] "GET /najtansze888/kwiaty/KW_90_50x60.jpg HTTP/1.1" 200 678533 "https://www.google.pl/" "Mozilla/5.0 (Windows NT 6.1; WOW64) AppleWebKit/537.36 (KHTML, like Gecko) Chrome/39.0.2171.95 Safari/537.36"
66.249.67.156 - - [15/Jan/2015:07:15:58 +0100] "GET /index.php?dispatch=products.view&product_id=258&sl=EN HTTP/1.1" 200 9600 "-" "Mozilla/5.0 (compatible; Googlebot/2.1; +http://www.google.com/bot.html)"
199.30.21.202 - - [15/Jan/2015:07:16:14 +0100] "GET /aart1/a-art1/0169_5x6.jpg HTTP/1.1" 200 583576 "-" "-"
66.249.67.6 - - [15/Jan/2015:07:24:58 +0100] "GET /index.php?dispatch=categories.view&category_id=266 HTTP/1.1" 200 10110 "-" "Mozilla/5.0 (compatible; Googlebot/2.1; +http://www.google.com/bot.html)"
66.249.67.156 - - [15/Jan/2015:07:26:53 +0100] "GET /index.php?dispatch=products.view&product_id=327 HTTP/1.1" 200 9889 "-" "Mozilla/5.0 (iPhone; CPU iPhone OS 6_0 like Mac OS X) AppleWebKit/536.26 (KHTML, like Gecko) Version/6.0 Mobile/10A5376e Safari/8536.25 (compatible; Googlebot/2.1; +http://www.google.com/bot.html)"
66.249.67.156 - - [15/Jan/2015:07:33:57 +0100] "GET /index.php?dispatch=products.view&product_id=258 HTTP/1.1" 200 9732 "-" "Mozilla/5.0 (compatible; Googlebot/2.1; +http://www.google.com/bot.html)"
66.249.67.6 - - [15/Jan/2015:07:42:57 +0100] "GET /index.php?dispatch=categories.view&category_id=262 HTTP/1.1" 200 9637 "-" "Mozilla/5.0 (compatible; Googlebot/2.1; +http://www.google.com/bot.html)"
66.249.67.12 - - [15/Jan/2015:07:51:57 +0100] "GET /index.php HTTP/1.1" 200 9949 "-" "Mozilla/5.0 (compatible; Googlebot/2.1; +http://www.google.com/bot.html)"
66.249.67.12 - - [15/Jan/2015:08:01:31 +0100] "GET /allegro/a1/pejzaz/DSCF0280m.jpg HTTP/1.1" 200 367499 "-" "Googlebot-Image/1.0"
184.69.200.98 - - [15/Jan/2015:08:02:48 +0100] "GET /aart1/ArtDanka2012/130212/DSCF0302a.jpg HTTP/1.1" 200 414792 "https://www.google.ca/" "Mozilla/5.0 (Windows NT 6.1; WOW64) AppleWebKit/537.36 (KHTML, like Gecko) Chrome/39.0.2171.95 Safari/537.36"
83.4.129.67 - - [15/Jan/2015:08:04:38 +0100] "GET /aart1/a-art1/Postacie/PS_0035_60x50.jpg HTTP/1.1" 200 753877 "-" "Mozilla/5.0 (Linux; U; Android 4.2.2; pl-pl; ALCATEL ONE TOUCH 7041D Build/JDQ39) AppleWebKit/534.30 (KHTML, like Gecko) Version/4.2 Mobile Safari/534.30 GSA/3.3.11.1069658.arm"
66.249.67.6 - - [15/Jan/2015:08:05:57 +0100] "GET /index.php?dispatch=pages.view&page_id=58&sl=EN HTTP/1.1" 200 8964 "-" "Mozilla/5.0 (iPhone; CPU iPhone OS 6_0 like Mac OS X) AppleWebKit/536.26 (KHTML, like Gecko) Version/6.0 Mobile/10A5376e Safari/8536.25 (compatible; Googlebot/2.1; +http://www.google.com/bot.html)"
66.249.67.156 - - [15/Jan/2015:08:09:57 +0100] "GET /index.php?dispatch=products.view&product_id=339 HTTP/1.1" 200 9743 "-" "Mozilla/5.0 (compatible; Googlebot/2.1; +http://www.google.com/bot.html)"
188.165.15.85 - - [15/Jan/2015:08:10:45 +0100] "GET /robots.txt HTTP/1.1" 200 405 "-" "Mozilla/5.0 (compatible; AhrefsBot/5.0; +http://ahrefs.com/robot/)"
173.177.203.196 - - [15/Jan/2015:08:11:53 +0100] "GET /aart1/a-art1/0003_5x7_k.jpg HTTP/1.1" 200 626630 "-" "Mozilla/5.0 (Windows NT 6.1; WOW64; rv:35.0) Gecko/20100101 Firefox/35.0"
46.204.38.15 - - [15/Jan/2015:08:14:57 +0100] "GET /aart1/a-art1/A%20Przerabiane/PJ_0053_60x90.jpg HTTP/1.1" 200 120208 "https://www.google.pl/" "Mozilla/5.0 (Windows NT 6.1; WOW64) AppleWebKit/537.36 (KHTML, like Gecko) Chrome/39.0.2171.95 Safari/537.36 OPR/26.0.1656.60 (Edition Campaign 18)"
85.193.226.198 - - [15/Jan/2015:08:18:50 +0100] "GET /images/detailed/1/DSCF0272_a.jpg HTTP/1.1" 200 607618 "-" "Mozilla/5.0 (Windows NT 6.1; WOW64; rv:23.0) Gecko/20100101 Firefox/23.0"
66.249.67.12 - - [15/Jan/2015:08:18:57 +0100] "GET /index.php?dispatch=pages.view&page_id=50 HTTP/1.1" 200 8693 "-" "Mozilla/5.0 (compatible; Googlebot/2.1; +http://www.google.com/bot.html)"
89.79.251.186 - - [15/Jan/2015:08:24:27 +0100] "GET /aart1/ArtDanka2012/010212/DSCF0147BALETNICA%2060X90%20399%20ZL%20BRAZ%20m.jpg HTTP/1.1" 200 247187 "-" "Mozilla/5.0 (Macintosh; Intel Mac OS X 10.7; rv:34.0) Gecko/20100101 Firefox/34.0"